er?
False
Is 1906707521 prime?
False
Is 9519752873 a prime number?
True
Is 397476799 composite?
True
Is 357033847 a composite number?
True
Is 1768048903 a composite number?
False
Is 10584130751 a composite number?
False
Is 997715003 a prime number?
True
Is 46087572793 composite?
False
Is 87924742681 composite?
False
Is 4189075963 a composite number?
False
Is 1957938493 prime?
False
Is 1753112057 a prime number?
True
Is 17945409533 prime?
True
Is 1107407879 a composite number?
False
Is 4365718013 a prime number?
False
Is 175261349645 a composite number?
True
Is 141930183611 a composite number?
False
Is 51156236801 composite?
False
Is 2042174543 a composite number?
True
Is 5030484493 a composite number?
False
Is 639499639 a composite number?
False
Is 294172579543 a prime number?
True
Is 10067927581 a composite number?
False
Is 14879657 a prime number?
False
Is 54623973713 a composite number?
True
Is 19602907 a prime number?
True
Is 122136613663 a prime number?
True
Is 3623866351 a composite number?
True
Is 167097059 a prime number?
True
Is 23686424897 a prime number?
True
Is 9298359553 composite?
True
Is 270672910171 a composite number?
False
Is 474980227 composite?
False
Is 407478107 prime?
True
Is 24444745399 prime?
True
Is 164773663 a prime number?
True
Is 2987306279 prime?
True
Is 82469305361 a composite number?
False
Is 17666940199 a composite number?
True
Is 8981131051 prime?
True
Is 3695141027 a composite number?
False
Is 4883188487 prime?
True
Is 2259758531 prime?
True
Is 2867617673 composite?
True
Is 755547349 composite?
False
Is 4050798977 composite?
False
Is 991860071 a prime number?
False
Is 750804101 composite?
False
Is 4734076313 a composite number?
True
Is 11852504849 a composite number?
True
Is 138595410469 prime?
False
Is 33109058153 prime?
False
Is 3284698441 composite?
False
Is 47505829873 composite?
False
Is 1754057483 composite?
True
Is 678164413 a prime number?
True
Is 972680767 a composite number?
False
Is 60880240807 a composite number?
False
Is 5126726531 a composite number?
False
Is 882241771 composite?
False
Is 6674715659 prime?
False
Is 3754214473 prime?
True
Is 3606623401 a prime number?
False
Is 7519907471 prime?
False
Is 19258221803 a prime number?
False
Is 20038694437 prime?
False
Is 1534022407 prime?
False
Is 44427234613 prime?
True
Is 939607853 a composite number?
True
Is 19533245573 a composite number?
False
Is 11780447443 prime?
True
Is 1329908693 composite?
False
Is 117540921703 prime?
True
Is 107279406359 a prime number?
False
Is 40410072491 composite?
True
Is 3779468599 composite?
False
Is 83012623613 composite?
False
Is 936258814 a prime number?
False
Is 2014135833 a prime number?
False
Is 974206999 a composite number?
False
Is 20475129833 composite?
False
Is 1422909497 prime?
False
Is 6611757431 prime?
True
Is 53471395763 a prime number?
False
Is 374091691 prime?
True
Is 61492119613 prime?
False
Is 63059361149 a composite number?
False
Is 63201741067 prime?
True
Is 297001121 prime?
False
Is 19296576857 a composite number?
False
Is 2409288113 prime?
True
Is 21754669 a composite number?
True
Is 1832188613 composite?
False
Is 1881062099 a composite number?
True
Is 4316546287 prime?
True
Is 7389260299 a prime number?
False
Is 4057481867 a prime number?
True
Is 1646924159 a prime number?
True
Is 5360137681 prime?
True
Is 1161950891 prime?
False
Is 755955139 composite?
False
Is 4382010349 a composite number?
True
Is 11940697313 composite?
True
Is 63886261163 composite?
True
Is 587532791 a prime number?
False
Is 8399836231 composite?
False
Is 2469471821 prime?
True
Is 595027799 a composite number?
False
Is 6587328907 a composite number?
True
Is 4106132917 composite?
True
Is 3384549547 a composite number?
True
Is 27746300342 a composite number?
True
Is 15390754223 a composite number?
True
Is 426721557 a composite number?
True
Is 287729581 prime?
False
Is 2501994563 a prime number?
False
Is 529175447 a composite number?
True
Is 85639909 a prime number?
True
Is 44546693 composite?
False
Is 161966378402 composite?
True
Is 9972650849 a prime number?
False
Is 2015365367 a composite number?
True
Is 11163193963 composite?
False
Is 743724671 a prime number?
False
Is 20060766787 a composite number?
False
Is 14753766061 composite?
True
Is 1066363985 a prime number?
False
Is 458042743 a prime number?
False
Is 8003808877 a prime number?
False
Is 2015766979 a composite number?
False
Is 277005349 a composite number?
False
Is 30529281151 prime?
False
Is 1015041857 prime?
True
Is 14984233337 a composite number?
False
Is 4194677281 a composite number?
False
Is 10344644267 prime?
True
Is 2378223509 a composite number?
False
Is 318497479 prime?
False
Is 65956949 a prime number?
True
Is 32232241801 prime?
False
Is 1073770871 composite?
True
Is 15708137531 a composite number?
False
Is 190576021 composite?
False
Is 20627221 a prime number?
True
Is 1079710423 composite?
True
Is 51800208883 a composite number?
True
Is 1792826939 a prime number?
True
Is 914477717 prime?
True
Is 7369589507 a prime number?
False
Is 431574719 a prime number?
True
Is 1140665009 a composite number?
True
Is 9814388093 a composite number?
False
Is 1491229063 prime?
True
Is 928466099 prime?
False
Is 28360049473 a prime number?
False
Is 61046647 prime?
False
Is 60712241 a composite number?
True
Is 58617861389 a prime number?
True
Is 16306047871 a prime number?
True
Is 816463949 prime?
False
Is 757273339 a prime number?
False
Is 434548139 prime?
True
Is 1960280227 a prime number?
True
Is 15492809711 composite?
True
Is 111998207563 a prime number?
False
Is 1046949103 composite?
False
Is 1129392235 a composite number?
True
Is 8886932974 composite?
True
Is 773797501 a prime number?
False
Is 24791269649 prime?
False
Is 1087239421 a prime number?
True
Is 11219567 a prime number?
True
Is 1542481847 composite?
True
Is 54631427 prime?
True
Is 17041634249 a composite number?
False
Is 3043099001 a composite number?
True
Is 5460623291 a composite number?
False
Is 1969504991 composite?
False
Is 27573661781 prime?
True
Is 7218894649 a prime number?
True
Is 63285653393 prime?
True
Is 1509782119 composite?
True
Is 1023772873 composite?
False
Is 1298441671 a prime number?
True
Is 2712756271 prime?
True
Is 251646559 prime?
False
Is 852622679 a prime number?
True
Is 1750835741 prime?
False
Is 19150646639 prime?
True
Is 874482967 composite?
False
Is 9848227523 a prime number?
True
Is 16157824159 a prime number?
False
Is 2882699473 composite?
True
Is 4175825471 composite?
False
Is 1311510857 prime?
True
Is 44886857 a prime number?
True
Is 34512727103 composite?
False
Is 2539635377 composite?
False
Is 825972439 composite?
True
Is 7304012783 composite?
False
Is 508603 prime?
False
Is 18712001863 composite?
True
Is 38586663883 a prime number?
False
Is 1250279587 a prime number?
False
Is 5877549311 a composite number?
False
Is 28723654406 a composite number?
True
Is 920361971 a prime number?
True
Is 54071130013 composite?
True
Is 4767628933 a prime number?
False
Is 3707545579 a prime number?
False
Is 14904567373 prime?
True
Is 401128939 prime?
True
Is 7249420781 a prime number?
False
Is 2087145509 composite?
False
Is 145973269513 a prime number?
True
Is 29642969 a composite number?
False
Is 5560126359 a prime number?
False
Is 15131877443 a composite number?
False
Is 740149663 composite?
True
Is 5078878457 prime?
True
Is 72051048851 a prime number?
True
Is 14095023143 composite?
False
Is 10098067433 a composite number?
True
Is 45589492577 composite?
True
Is 1861847873 a composite number?
False
Is 1037060597 a composite number?
False
Is 219883673 a composite number?
False
Is 30470460089 prime?
True
Is 1012721159 composite?
False
Is 305294510111 a composite number?
False
Is 325732367 a prime number?
False
Is 3044186371 a prime number?
True
Is 163413122 composite?
True
Is 4737020479 a composite number?
False
Is 2908626421 a composite number?
True
Is 1780407923 composite?
True
Is 2367909839 composite?
True
Is 61519992331 a composite number?
True
Is 981922741 composite?
True
Is 4195094429 a prime number?
True
Is 32480435413 a composite number?
False
Is 1466482471 a prime number?
True
Is 23911654597 prime?
False
Is 12972096619 prime?
False
Is 490033391 prime?
True
Is 557423893 composite?
T